1b (base 14) to base 5.
1042242330
-137889 (base 12) to base 10
-324393
b1402 (base 16) to base 2
10110001010000000010
-5567847 (base 11) to base 14
-1421438
What is 29832 (base 10) in base 9?
44826
Convert 3eb1dc (base 15) to base 8.
13423060
20033012 (base 5) to base 13
571bb
What is -43041123 (base 6) in base 12?
-5101a3
-b715 (base 12) to base 2
-100111001000001
220a44 (base 12) to base 6
15330524
120121122201211 (base 3) to base 16
7ea3cf
Convert 77410 (base 9) to base 5.
3120423
-1243642 (base 10) to base 9
-2304854
What is -1011000001111101100 (base 2) in base 5?
-43031302
What is -1cf23 (base 16) in base 15?
-251e3
Convert -30023032 (base 6) to base 5.
-203434233
2132427 (base 8) to base 10
570647
Convert 204211355 (base 6) to base 5.
1403004223
2010654 (base 7) to base 16
3a1d0
Convert 385135 (base 9) to base 7.
1661306
-55406143 (base 7) to base 13
-cb274a
-52934 (base 11) to base 3
-10220121121
4136642 (base 8) to base 14
207b7c
2113132210 (base 4) to base 16
977a4
What is -344603 (base 8) in base 12?
-57943
What is 28865c (base 15) in base 6?
105501523
-110010101100010011100 (base 2) to base 9
-3111518
Convert 21121201112 (base 3) to base 15.
2e682
What is -81a889 (base 11) in base 5?
-314124144
Convert 6c95a (base 15) to base 12.
148534
-19a4180 (base 14) to base 2
-110000101100100011010100
31361032 (base 8) to base 2
11001011110001000011010
What is 72334 (base 12) in base 13?
52b19
Convert 1b44e (base 15) to base 16.
15a94
What is 1949a6 (base 11) in base 4?
1021011111
Convert 3a30d (base 16) to base 6.
5035245
What is ab55a (base 16) in base 9?
1278602
-40332a3 (base 11) to base 3
-111102110201022
Convert -137675 (base 9) to base 15.
-1a00e
402041412 (base 5) to base 13
43b884
What is 27f22 (base 16) in base 2?
100111111100100010
Convert -21442212 (base 5) to base 16.
-2db2e
Convert -1b2ba (base 14) to base 13.
-25629
Convert 375951 (base 15) to base 12.
a7a504
What is 6b4009 (base 16) in base 14?
d0d6d3
2a97 (base 11) to base 2
111110001010
-45968 (base 11) to base 9
-111047
What is -3453141 (base 6) in base 13?
-631a5
Convert 12012100001221 (base 3) to base 14.
51c905
Convert 242151 (base 7) to base 15.
d079
1115023 (base 6) to base 10
56823
6313aa (base 11) to base 16
f714b
-32b5b (base 15) to base 9
-265085
What is 24242005 (base 6) in base 5?
144031134
Convert 5369694 (base 10) to base 5.
2333312234
Convert -488145 (base 12) to base 15.
-183342
29e603 (base 15) to base 4
13231321002
141123431 (base 5) to base 2
10110000101010100000
What is 110001011111101101 (base 2) in base 4?
301133231
What is 20524432 (base 6) in base 13?
181244
What is -5dac5 (base 16) in base 10?
-383685
-505141 (base 7) to base 2
-10100111101000100
What is -102021020102 (base 3) in base 9?
-367212
210020211210 (base 3) to base 8
1461034
Convert -1385cc (base 13) to base 2.
-1110100000110101101
Convert b639 (base 14) to base 7.
160402
What is -343531 (base 7) in base 14?
-184c1
Convert -1000322111 (base 4) to base 15.
-53ba2
Convert 272615 (base 9) to base 5.
20302413
Convert -2106595 (base 10) to base 4.
-20002103203
-446409 (base 14) to base 3
-11100222111001
What is a1521a (base 11) in base 15?
223899
Convert -1831815 (base 9) to base 11.
-640034
What is 7750a (base 15) in base 9?
637061
What is 392ba (base 13) in base 15?
215d2
What is -310320142 (base 5) in base 10?
-1260672
What is -49075 (base 10) in base 12?
-24497
What is 10010011101101011101 (base 2) in base 13?
182501
1619e (base 15) to base 14
1bd73
Convert -142430014 (base 5) to base 2.
-10110110110011010111
-1011110110011011000010 (base 2) to base 12
-10598aa
What is -23e368 (base 16) in base 12?
-955120
Convert -780858 (base 10) to base 11.
-493741
-262b7 (base 15) to base 16
-1dd0a
What is -121333301 (base 4) in base 16?
-19ff1
-348cd (base 15) to base 6
-3330504
-f60c8 (base 16) to base 3
-1220012110112
Convert -301340444 (base 5) to base 11.
-74a224
Convert 4440145 (base 6) to base 15.
46102
Convert 35cbbcb (base 13) to base 9.
34382058
What is -122001201110001 (base 3) in base 4?
-202211331010
What is c0418 (base 13) in base 3?
122110002121
Convert -830087 (base 9) to base 4.
-1320021322
What is 22022222200100 (base 3) in base 11?
2555176
-15412354 (base 7) to base 5
-334413124
Convert 201022330 (base 5) to base 2.
11000010111100000001
Convert -15011252 (base 6) to base 8.
-1755420
Convert -10646 (base 8) to base 5.
-121033
Convert -304175 (base 12) to base 2.
-10110111111111101001
What is -7351787 (base 10) in base 2?
-11100000010110111101011
-103210042 (base 5) to base 6
-13305221
What is 3ab41b (base 12) in base 6?
32510435
Convert 3430402 (base 5) to base 9.
103138
-42352050 (base 6) to base 10
-1243326
What is 13c117 (base 13) in base 14?
c82db
What is -51545433 (base 6) in base 3?
-2210210011010
325a968 (base 11) to base 3
101202211111011
What is -630b0 (base 14) in base 5?
-30121012
Convert -102132123 (base 4) to base 15.
-17650
-1124020231 (base 5) to base 11
-14a1262
Convert -77537 (base 12) to base 11.
-a8797
Convert 5a276 (base 14) to base 10.
220016
What is 23303002231 (base 4) in base 6?
150141501
What is -30b0b6 (base 14) in base 12?
-673348
Convert 15939 (base 16) to base 11.
60443
-626037 (base 8) to base 3
-101120012010
Convert 111202222212 (base 3) to base 4.
1002031100
Convert -7c3f (base 16) to base 10.
-31807
Convert 6a015 (base 12) to base 10.
141713
What is -121032022120 (base 4) in base 12?
-226a1b4
-75a938 (base 14) to base 8
-17151266
What is -a015 (base 13) in base 9?
-33141
222002133 (base 4) to base 10
172191
Convert 15312100 (base 6) to base 15.
a9773
120123023011 (base 4) to base 16
61b2c5
Convert 206759a (base 12) to base 13.
135b9a7
What is 25145360 (base 8) in base 7?
65143045
39cd66 (base 14) to base 11
1142789
What is -2424242 (base 6) in base 3?
-20111112122
3220103330 (base 4) to base 10
951548
Convert 1044cc (base 14) to base 16.
86384
What is 88633 (base 13) in base 11?
159735
Convert -5482e9 (base 16) to base 10.
-5538537
111550443 (base 6) to base 13
56ab61
3250036 (base 10) to base 13
89a3ca
Convert -365789 (base 13) to base 6.
-43451022
Convert -11011111100111110110011 (base 2) to base 11.
-4155426
Convert -639a1 (base 11) to base 8.
-265557
What is 51393 (base 14) in base 5?
22224131
What is -1000222212202212 (base 3) in base 14?
-1d9401d
Convert -d34c92 (base 15) to base 13.
-2106ba5
-4b2193 (base 12) to base 11
-768a68
What is 131341 (base 9) in base 15?
18961
Convert -764082 (base 9) to base 4.
-1233100103
Convert -10143033123 (base 5) to base 16.
-a07d99
What is -151422243 (base 6) in base 10?
-3160179
Convert -24243117 (base 8) to base 2.
-10100010100011001001111
-1837a27 (base 11) to base 15
-417bed
What is 2344504 (base 6) in base 5?
12412442
What is -829783 (base 13) in base 14?
-594da1
Convert 341a86 (base 15) to base 16.
25f068
383767 (base 9) to base 11
149709
-5a2a7 (base 14) to base 8
-655633
What is 93139c (base 13) in base 12?
1195061
What is 838283 (base 9) in base 12?
200340
What is -9584 (base 16) in base 2?
-1001010110000100
Convert 323a698 (base 11) to base 4.
111232112003
Convert -8fd6e (base 16) to base 9.
-1087158
What is 202410420 (base 5) in base 3?
1112221200210
Convert 6981137 (base 10) to base 4.
122220120101
Convert 460c92 (base 15) to base 9.
6256202
Convert b6ce9 (base 15) to base 8.
2154714
-86e9 (base 16) to base 14
-c82d
What is -27281b (base 12) in base 3?
-1012220010112
What is 810cb (base 13) in base 9?
381602
11101052 (base 9) to base 5
2333433420
144620 (base 14) to base 15
dd763
What is -34100414 (base 6) in base 12?
-41a70a
Convert -1010022120220 (base 3) to base 10.
-596751
What is 220022201 (base 3) in base 10?
17731
21120021020 (base 3) to base 16
245af
Convert -412122303 (base 5) to base 2.
-110011001010100100010
20124055 (base 6) to base 5
121234024
Convert -6702b (base 12) to base 9.
-227268
371166 (base 9) to base 6
4444440
-1734640 (base 14) to base 4
-223210201000
3680bc (base 13) to base 3
2110012100101
31010300 (base 4) to base 7
312062
1403453 (base 7) to base 12
8b878
Convert -226159 (base 10) to base 15.
-47024
What is 7726 (base 16) in base 12?
1579a
What is -101011000011000110011 (base 2) in base 7?
-14663366
Convert 144a8 (base 12) to base 3.
1102220002
14596 (base 16) to base 